 common divisor of 20 and 68260.
20
What is the greatest common divisor of 558630 and 162?
54
What is the greatest common divisor of 493 and 41209?
29
Calculate the greatest common divisor of 179841 and 453.
453
Calculate the highest common divisor of 5572 and 89948.
796
Calculate the highest common divisor of 284374 and 58.
58
What is the greatest common divisor of 172845 and 31050?
1035
What is the highest common factor of 633 and 5?
1
Calculate the greatest common factor of 39 and 4695.
3
Calculate the greatest common divisor of 4 and 6973208.
4
Calculate the highest common factor of 3286 and 6.
2
What is the highest common divisor of 178149 and 387?
129
Calculate the greatest common factor of 21 and 1404123.
21
What is the greatest common factor of 676242 and 378?
378
What is the greatest common divisor of 8960 and 1645?
35
What is the highest common factor of 28747 and 68?
17
Calculate the greatest common factor of 2421 and 207.
9
Calculate the greatest common divisor of 717336 and 243.
243
What is the highest common factor of 154163 and 31?
31
Calculate the highest common factor of 2511 and 10800.
27
Calculate the highest common divisor of 241715 and 435.
145
What is the highest common factor of 32248 and 56?
8
What is the greatest common factor of 14688 and 1107?
27
Calculate the greatest common factor of 67089 and 1311.
57
What is the highest common divisor of 26136 and 162?
54
Calculate the highest common factor of 118206 and 54054.
594
Calculate the highest common divisor of 120 and 94740.
60
What is the greatest common divisor of 103500 and 576?
36
What is the greatest common divisor of 1974 and 2397?
141
Calculate the greatest common factor of 40314 and 9.
3
Calculate the greatest common factor of 528 and 149028.
132
What is the greatest common factor of 17593 and 1928?
241
What is the greatest common factor of 88 and 110368?
8
What is the highest common divisor of 14893 and 8149?
281
Calculate the highest common factor of 77057 and 3684.
307
Calculate the highest common divisor of 589 and 19158.
31
Calculate the highest common divisor of 4603 and 2.
1
Calculate the highest common factor of 168742 and 204.
34
Calculate the highest common factor of 2880 and 1296.
144
What is the greatest common factor of 973692 and 9?
9
What is the highest common divisor of 515 and 1170?
5
What is the greatest common divisor of 8840 and 3250?
130
What is the greatest common factor of 50600 and 9775?
575
What is the highest common factor of 16 and 542224?
16
Calculate the highest common factor of 33 and 157971.
33
Calculate the greatest common divisor of 28392 and 504.
168
What is the highest common divisor of 100 and 6007700?
100
Calculate the greatest common divisor of 1638318 and 2163.
309
What is the greatest common factor of 20 and 674944?
4
Calculate the highest common divisor of 8024 and 62288.
136
What is the highest common factor of 18 and 2412405?
9
What is the greatest common divisor of 4452 and 37524?
636
What is the greatest common factor of 7548 and 1428?
204
What is the highest common factor of 1095 and 95995?
365
What is the greatest common divisor of 129 and 65489?
43
What is the greatest common divisor of 50 and 19879075?
25
Calculate the highest common factor of 1635975 and 1485.
495
What is the greatest common factor of 336 and 6804?
84
Calculate the highest common factor of 20833 and 83.
83
Calculate the highest common divisor of 3583258 and 56.
14
Calculate the highest common divisor of 5096 and 1688050.
1274
What is the greatest common factor of 627902 and 11?
11
Calculate the highest common factor of 23987 and 2407.
83
Calculate the greatest common factor of 225 and 3972825.
225
What is the highest common factor of 612 and 127772?
68
What is the highest common factor of 134937 and 1595?
319
What is the greatest common divisor of 2928 and 55266?
366
Calculate the greatest common factor of 364 and 58324.
28
What is the highest common factor of 169 and 3133?
13
What is the highest common divisor of 14497 and 9265?
109
Calculate the greatest common factor of 428648 and 2288.
88
What is the highest common divisor of 55 and 49093?
11
Calculate the greatest common factor of 12720084 and 104.
52
What is the greatest common factor of 663781 and 47?
47
What is the highest common factor of 81 and 79380?
81
What is the greatest common divisor of 15 and 18723?
3
What is the greatest common factor of 11025 and 1995?
105
What is the highest common divisor of 26 and 25753?
13
Calculate the highest common divisor of 14 and 21133.
7
Calculate the highest common divisor of 702 and 51489.
27
Calculate the greatest common divisor of 3550 and 22025.
25
What is the greatest common divisor of 114 and 11229?
57
Calculate the highest common factor of 3156 and 573603.
789
What is the highest common factor of 1612 and 3744?
52
What is the greatest common divisor of 127250 and 1000?
250
Calculate the greatest common divisor of 143 and 923.
13
Calculate the highest common divisor of 1120 and 145460.
140
What is the greatest common factor of 354 and 64546?
118
What is the highest common factor of 28215 and 170145?
855
Calculate the highest common divisor of 266 and 8246.
266
What is the highest common factor of 170 and 781830?
170
What is the highest common factor of 22 and 921349?
11
What is the highest common divisor of 288 and 23280?
48
What is the highest common divisor of 12492 and 2844?
36
Calculate the highest common factor of 73 and 277911.
73
What is the greatest common factor of 1485 and 6210?
135
Calculate the greatest common factor of 26 and 35191.
13
What is the greatest common factor of 4 and 3628?
4
What is the highest common divisor of 678 and 28250?
226
What is the greatest common factor of 75 and 80517?
3
What is the highest common factor of 289 and 40069?
17
Calculate the greatest common divisor of 1129 and 3.
1
What is the greatest common factor of 399 and 27724515?
399
Calculate the highest common divisor of 144 and 166896.
144
What is the highest common factor of 376025 and 4550?
325
What is the greatest common factor of 108 and 20051?
1
Calculate the highest common divisor of 2 and 62038.
2
What is the highest common divisor of 63286 and 6?
2
Calculate the highest common factor of 5710 and 165.
5
What is the highest common divisor of 6371 and 7479?
277
What is the greatest common divisor of 1344 and 5632?
64
What is the highest common factor of 22 and 56309?
11
Calculate the highest common factor of 429668 and 652.
652
What is the greatest common factor of 320 and 16270?
10
What is the highest common divisor of 12 and 1012458?
6
What is the highest common factor of 148 and 334924?
148
What is the highest common divisor of 13433 and 21?
7
What is the highest common factor of 771 and 123?
3
Calculate the highest common factor of 422144 and 102.
34
What is the greatest common factor of 219 and 6789?
219
Calculate the greatest common factor of 55287 and 18.
9
What is the greatest common factor of 46 and 4624449?
23
What is the highest common factor of 120 and 4717560?
120
Calculate the greatest common factor of 7792 and 208.
16
What is the highest common divisor of 1098 and 3?
3
Calculate the greatest common divisor of 33 and 220407.
33
Calculate the highest common divisor of 323 and 386053.
17
What is the highest common divisor of 240320 and 1120?
160
What is the highest common factor of 129 and 79593?
129
Calculate the greatest common factor of 66 and 87736.
22
What is the highest common factor of 159084 and 324?
324
What is the greatest common divisor of 144800 and 1500?
100
What is the highest common divisor of 54808 and 2976?
248
What is the highest common divisor of 846867 and 2058?
1029
Calculate the highest common factor of 158 and 581124.
158
Calculate the greatest common divisor of 85008 and 45402.
966
Calculate the highest common factor of 77462 and 301.
7
Calculate the greatest common divisor of 13 and 2450227.
13
Calculate the greatest common divisor of 4836 and 9204.
156
What is the highest common divisor of 12 and 5146788?
12
What is the greatest common divisor of 408 and 10285?
17
What is the greatest common factor of 711666 and 184?
46
Calculate the highest common divisor of 18634 and 158752.
242
What is the greatest